27, k = -a + 31. What is the greatest common divisor of k and 21?
7
Suppose -v = v - 30. Let n(h) = 14*h**2 - h. Let r be n(-1). What is the greatest common divisor of v and r?
15
Let i(b) = -b**3 + 22*b**2 + 22*b + 34. Let c be i(23). Suppose -11*z = -99 - c. Calculate the highest common divisor of z and 30.
10
Let n = 1010 - 362. What is the greatest common divisor of 27 and n?
27
Suppose 4*k = -3*d + 167, -5*k + 208 = -2*d + 6*d. Calculate the greatest common factor of k and 22.
22
Let r = 4 - 0. Let i be (-249)/(-6) + 3/6. Let j = i - 38. Calculate the highest common factor of j and r.
4
Let l(a) = -54*a. Let w be (8/14)/(4/14). Suppose 0 = 4*y + 6 - w. Let h be l(y). What is the greatest common factor of 6 and h?
6
Suppose -110 = -2*i + 30. Let h = 51 + i. What is the greatest common factor of h and 11?
11
Let j = 1171 - 1157. Suppose 0 = -p - p + 70. Calculate the greatest common factor of j and p.
7
Let n(k) = k**2 + 4*k - 19. Let l be (-20 + 2)/(8/4). Let t be n(l). What is the highest common divisor of t and 39?
13
Let m = 56 + -43. Let o = m - -24. Calculate the greatest common factor of o and 296.
37
Let c = -2105 - -2133. Calculate the greatest common factor of 175 and c.
7
Let j be 12/(-9) - 14620/(-30). What is the highest common divisor of 90 and j?
18
Let p be ((-16)/(-12) - 0)*(-99)/(-6). Calculate the highest common factor of p and 33.
11
Suppose -4*d - 37 = 3*i, 4*i + 0*d - 2*d + 42 = 0. Let g(y) = -2*y - 19. Let b be g(i). What is the greatest common divisor of 2 and b?
1
Let h be (-3 - (-3 - 4))*18. Let s(f) = 3*f + 7. Let r be s(-3). Let j be (r - -3)/(3/27). Calculate the highest common factor of h and j.
9
Let x be 17/(-2) - 4/8. Let t be (4862/39)/((-6)/x). Calculate the greatest common factor of 17 and t.
17
Let d = 255 + -179. What is the highest common divisor of 209 and d?
19
Suppose 9*t - 55 = 4*t. Let g(h) = -2*h - 3*h - 11 + h**2 - 3*h + 2*h. Let d be g(t). What is the highest common factor of 66 and d?
22
Suppose -2*x = 3*m - 57, 0 = -x - x + 2*m + 42. Let a be 1 - (3 - 1 - 181). Suppose 4*s - a = -s. Calculate the greatest common factor of x and s.
12
Let i = -816 - -848. What is the greatest common factor of 400 and i?
16
Suppose -m - 35*m = -36. What is the highest common divisor of m and 17?
1
Let v = -5399 + 5401. Let x be 0 + 1/(-1) - -11. Calculate the highest common factor of x and v.
2
Let h be (-2)/14 - 674/(-14). Suppose 10*b = 13*b - 36. Calculate the highest common factor of h and b.
12
Let d = 16 + -9. Suppose -2*o = -73 + d. Let l be 534/o + (-6)/33. What is the highest common factor of l and 16?
16
Suppose -3*w - 2*o = -2085, 3*w + o - 2103 = 5*o. What is the highest common factor of 41 and w?
41
Suppose 1 = 3*u - 35. Suppose -2*k = k + u, 3*i + k - 17 = 0. Let h = -23 + 79. What is the highest common divisor of h and i?
7
Suppose 0 = u - 22*q + 17*q - 115, -275 = -2*u + q. Calculate the highest common factor of 380 and u.
20
Suppose -3*s + 48 = 3*s. Let x = 61 + -57. Calculate the greatest common divisor of x and s.
4
Let v = 27 + 11. Suppose 3*m - v + 11 = 0. What is the greatest common factor of m and 1?
1
Suppose -z - 3*v + 126 = 0, 0 = -3*z + z - v + 252. What is the highest common divisor of 84 and z?
42
Suppose -q - 24 = -x, -4*q - 30 = -x - 0*q. Let c(a) = 13*a**2 - 4*a + 6. Let n be c(4). Calculate the highest common divisor of x and n.
22
Suppose -4*x = -3*x - u - 2, x = 3*u. Suppose -139 = -x*j + 29. What is the greatest common factor of 7 and j?
7
Suppose 0 = w - 8*w + 35. Let t be (3 + -1)/((-1)/(-1)). Let q be 52 + 1 - (-4 + t). What is the greatest common factor of w and q?
5
Suppose -4*f + 6 = 2. Let k be (-2 + (-54)/(-4))*2. Let t = k - f. Calculate the greatest common divisor of 154 and t.
22
Let n(i) = -4*i + 6. Let o be n(3). Let f = o - -7. Let y be 3/f*4/12. Calculate the highest common factor of 3 and y.
1
Let b = -86 - -86. Suppose -26*z + 19*z + 378 = b. What is the highest common divisor of 6 and z?
6
Let u be (-44)/8*(0 + -2). Let b = u + -42. Let m = -17 - b. Calculate the greatest common factor of 28 and m.
14
Let f(x) = -241*x + 20. Let u be f(-1). What is the greatest common factor of 9 and u?
9
Let u = 3804 + -2971. Calculate the greatest common divisor of u and 238.
119
Suppose 0 = 3*g + m - 86, 0 = 2*g + 5*m + 48 - 114. Calculate the highest common divisor of 294 and g.
14
Let y be (-1026)/171*(-8)/6. What is the highest common divisor of 200 and y?
8
Suppose -r + 175 = -5*t, 70 = -2*t - r - 3*r. Let b = t + 59. Calculate the highest common factor of 60 and b.
12
Let r be 224/6 + 4/6. Let q = -18 + r. Calculate the highest common divisor of q and 10.
10
Let i be 0 + (1 - -82 - -2). Suppose 4*h - 46 = 90. Calculate the highest common factor of h and i.
17
Let v = -632 - -657. Calculate the highest common factor of 575 and v.
25
Let s be 1/2*264/11. Suppose -s*z = 4*z - 1120. Calculate the greatest common factor of z and 35.
35
Let d be 2*4/((-16)/20)*-1. Let s = -16 + 26. Calculate the greatest common factor of s and d.
10
Let c be 2*(28/16)/7*-2. Let p be (-30 - -3)*c/3. What is the highest common factor of p and 63?
9
Let l(d) = -14*d + 233. Let z be l(15). Suppose -5*k + 4*x = -1031, 4*x - 58 - 153 = -k. Calculate the highest common divisor of z and k.
23
Suppose 0*t + 14 = t. Let x = -4 + 6. What is the greatest common factor of t and x?
2
Suppose 3*c + 0*c = -2*x + 134, -4*c + 349 = 5*x. Let a = 117 - x. Calculate the greatest common divisor of a and 22.
22
Suppose -45 = -5*l + 30. Suppose 9*p + l = 10*p. Suppose 0 = -k + 26 + 19. What is the greatest common factor of k and p?
15
Let q be -54*160/(-390) + 2/(-13). Suppose -2*o + 5*o = 99. What is the highest common factor of q and o?
11
Let i = 3 - -7. Let a(q) = 55*q**3 - 2*q**2 - 4*q - 2. Let d be a(-1). Let c = -40 - d. Calculate the greatest common factor of i and c.
5
Let t be ((-3)/(-9))/((-1)/9). Let w be 2 + (252/(-2))/t. Suppose 4*l = w + 156. What is the highest common factor of 10 and l?
10
Suppose -3*g = -5*s - 273, -g + 64 + 27 = -2*s. What is the greatest common divisor of 7 and g?
7
Suppose -5*x = 2*t + 2675, -t = -2*x - 0*t - 1070. Let n = -289 - x. Let s = n + -110. Calculate the greatest common factor of s and 17.
17
Let g be -14*(18/21)/(36/(-819)). What is the highest common divisor of 39 and g?
39
Let w(u) = 10*u**2 + 2. Let p be w(-2). Let i = -12 + p. Suppose -2*y = -7*y + i. What is the greatest common factor of 6 and y?
6
Suppose -419 = -2*m - 277. Let z = 1 + m. Calculate the highest common divisor of z and 90.
18
Let y be -3 + -1 - (3 - -547). Let x = -344 - y. Suppose -3*u - h + x + 224 = 0, 0 = 3*h - 15. Calculate the greatest common factor of 13 and u.
13
Let l = -575 + 583. What is the highest common divisor of l and 1?
1
Suppose -1891 = -5*p - 3*q, -5*q - 1502 = -4*p - 2*q. What is the highest common divisor of p and 29?
29
Suppose -24*g = -19*g + 40. Let j be (-169)/(-2) + -2*g/(-32). What is the greatest common divisor of j and 28?
28
Suppose 8*p - 130 - 62 = 0. Let x(c) = -c**3 - 3*c**2 + 4*c. Let g be x(-3). Let u be (-2)/(-8) - 285/g. What is the highest common factor of u and p?
24
Let y be 204 + -5 + 6/6. What is the highest common factor of 250 and y?
50
Let p(q) = -4*q + 20. Let r be p(-5). Calculate the highest common divisor of 120 and r.
40
Let t be 28/15 - 4/(-30). Suppose t*z - 569 = 5*f - 107, 2*f = 2*z - 462. What is the greatest common divisor of z and 21?
21
Suppose 5*h = -3*x + h + 223, -5*x - h + 383 = 0. What is the greatest common divisor of x and 22?
11
Suppose -4*g + 3*d = -474, -5*g + 410 + 171 = 2*d. What is the highest common divisor of g and 9?
9
Let d(w) = -w**3 + 13*w**2 + 2*w + 10. Let b be d(13). Let r be 377/7 - 3/(-21). Calculate the highest common divisor of r and b.
18
Let i = 56 + -5. Suppose 2*j = 53 + 9. Suppose -3*t - 1 = -2*t, 3*t - j = -g. Calculate the highest common factor of i and g.
17
Suppose 0*u = 2*u - 6. Suppose u*k = 398 - 101. Let t be 0 - -1 - (6 + -14). Calculate the highest common factor of k and t.
9
Let w(o) = -o + 1. Let n be w(-4). Suppose n*a + 1 = 11. Let c be -1 - -16 - (a - 3). Calculate the greatest common divisor of c and 64.
16
Let f = 1112 + -808. Let c be (-984)/(-26) + 6/39. Calculate the greatest common